{"id":41,"date":"2025-08-05T18:47:05","date_gmt":"2025-08-05T18:47:05","guid":{"rendered":"http:\/\/ecole-musique-bayonnais.fr\/?page_id=41"},"modified":"2025-09-05T14:10:46","modified_gmt":"2025-09-05T13:10:46","slug":"tarifs","status":"publish","type":"page","link":"https:\/\/ecole-musique-bayonnais.fr\/?page_id=41","title":{"rendered":"Tarifs"},"content":{"rendered":"\n<div class=\"wp-block-cover aligncenter\" style=\"min-height:200px;aspect-ratio:unset;\"><img loading=\"lazy\" decoding=\"async\" width=\"1600\" height=\"1200\" class=\"wp-block-cover__image-background wp-image-265 size-full\" alt=\"\" src=\"http:\/\/ecole-musique-bayonnais.fr\/wp-content\/uploads\/2025\/08\/IMG-20250125-WA0005.jpg\" data-object-fit=\"cover\" srcset=\"https:\/\/ecole-musique-bayonnais.fr\/wp-content\/uploads\/2025\/08\/IMG-20250125-WA0005.jpg 1600w, https:\/\/ecole-musique-bayonnais.fr\/wp-content\/uploads\/2025\/08\/IMG-20250125-WA0005-300x225.jpg 300w, https:\/\/ecole-musique-bayonnais.fr\/wp-content\/uploads\/2025\/08\/IMG-20250125-WA0005-1024x768.jpg 1024w, https:\/\/ecole-musique-bayonnais.fr\/wp-content\/uploads\/2025\/08\/IMG-20250125-WA0005-768x576.jpg 768w, https:\/\/ecole-musique-bayonnais.fr\/wp-content\/uploads\/2025\/08\/IMG-20250125-WA0005-1536x1152.jpg 1536w\" sizes=\"auto, (max-width: 1600px) 100vw, 1600px\" \/><span aria-hidden=\"true\" class=\"wp-block-cover__background has-background-dim-0 has-background-dim\"><\/span><div class=\"wp-block-cover__inner-container is-layout-constrained wp-block-cover-is-layout-constrained\">\n<div class=\"wp-block-columns is-layout-flex wp-container-core-columns-is-layout-9d6595d7 wp-block-columns-is-layout-flex\">\n<div class=\"wp-block-column is-layout-flow wp-block-column-is-layout-flow\" style=\"flex-basis:66.66%\"><\/div>\n\n\n\n<div class=\"wp-block-column is-layout-flow wp-block-column-is-layout-flow\" style=\"flex-basis:25%\">\n<div class=\"wp-block-buttons alignwide is-content-justification-center is-layout-flex wp-container-core-buttons-is-layout-16018d1d wp-block-buttons-is-layout-flex\">\n<div class=\"wp-block-button has-custom-width wp-block-button__width-75 is-style-fill\"><a class=\"wp-block-button__link has-white-color has-text-color has-background has-link-color has-small-font-size has-custom-font-size wp-element-button\" href=\"https:\/\/forms.gle\/xApWuZ3BfiZWB4Fq8\" style=\"background-color:#61bbf8\">S&rsquo;inscrire pour la saison 2025-2026<\/a><\/div>\n<\/div>\n<\/div>\n<\/div>\n\n\n\n<div class=\"wp-block-columns is-layout-flex wp-container-core-columns-is-layout-9d6595d7 wp-block-columns-is-layout-flex\">\n<div class=\"wp-block-column is-layout-flow wp-block-column-is-layout-flow\"><\/div>\n<\/div>\n\n\n\n<div class=\"wp-block-columns is-layout-flex wp-container-core-columns-is-layout-9d6595d7 wp-block-columns-is-layout-flex\">\n<div class=\"wp-block-column is-layout-flow wp-block-column-is-layout-flow\"><\/div>\n<\/div>\n\n\n\n<div class=\"wp-block-columns is-layout-flex wp-container-core-columns-is-layout-9d6595d7 wp-block-columns-is-layout-flex\">\n<div class=\"wp-block-column is-layout-flow wp-block-column-is-layout-flow\">\n<div class=\"wp-block-columns is-layout-flex wp-container-core-columns-is-layout-9d6595d7 wp-block-columns-is-layout-flex\">\n<div class=\"wp-block-column is-layout-flow wp-block-column-is-layout-flow\" style=\"flex-basis:10%\"><\/div>\n\n\n\n<div class=\"wp-block-column has-background is-layout-flow wp-block-column-is-layout-flow\" style=\"background-color:#e5f5ff\">\n<div class=\"wp-block-columns is-layout-flex wp-container-core-columns-is-layout-9d6595d7 wp-block-columns-is-layout-flex\">\n<div class=\"wp-block-column is-layout-flow wp-block-column-is-layout-flow\" style=\"flex-basis:5%\">\n<p><\/p>\n<\/div>\n\n\n\n<div class=\"wp-block-column is-layout-flow wp-block-column-is-layout-flow\">\n<h2 class=\"wp-block-heading has-small-font-size\"><\/h2>\n\n\n\n<h2 class=\"wp-block-heading has-text-align-center has-black-color has-text-color has-link-color wp-elements-0843dca8f0822f41d350fbaefb442a5e\" style=\"font-size:26px\">Bon \u00e0 savoir<\/h2>\n\n\n\n<h2 class=\"wp-block-heading has-text-align-center has-black-color has-text-color has-link-color wp-elements-efa3bc345bc7d1f24a970f08b0530655\" style=\"font-size:16px\">Certaines collectivit\u00e9s proposent, sous conditions, des aides financi\u00e8res  pour s&rsquo;inscrire \u00e0 des activit\u00e9s sportives et culturelles.&nbsp;C&rsquo;est le cas du Conseil D\u00e9partemental de Meurthe et Moselle (Pass Jeunes 54), de la Mairie de Bayon (ticket-jeune) et de celle de Virecourt<\/h2>\n<\/div>\n\n\n\n<div class=\"wp-block-column is-layout-flow wp-block-column-is-layout-flow\" style=\"flex-basis:5%\"><\/div>\n<\/div>\n<\/div>\n\n\n\n<div class=\"wp-block-column is-layout-flow wp-block-column-is-layout-flow\" style=\"flex-basis:10%\"><\/div>\n<\/div>\n\n\n\n<div class=\"wp-block-columns is-layout-flex wp-container-core-columns-is-layout-9d6595d7 wp-block-columns-is-layout-flex\">\n<div class=\"wp-block-column is-layout-flow wp-block-column-is-layout-flow\"><\/div>\n\n\n\n<div class=\"wp-block-column is-layout-flow wp-block-column-is-layout-flow\"><\/div>\n\n\n\n<div class=\"wp-block-column is-layout-flow wp-block-column-is-layout-flow\"><\/div>\n<\/div>\n<\/div>\n<\/div>\n\n\n\n<div class=\"wp-block-columns is-layout-flex wp-container-core-columns-is-layout-9d6595d7 wp-block-columns-is-layout-flex\">\n<div class=\"wp-block-column is-layout-flow wp-block-column-is-layout-flow\"><\/div>\n<\/div>\n<\/div><\/div>\n\n\n\n<div class=\"wp-block-columns has-background is-layout-flex wp-container-core-columns-is-layout-9d6595d7 wp-block-columns-is-layout-flex\" style=\"background-color:#f4efeb\">\n<div class=\"wp-block-column is-layout-flow wp-block-column-is-layout-flow\" style=\"flex-basis:20%\">\n<p><\/p>\n<\/div>\n\n\n\n<div class=\"wp-block-column has-background is-layout-flow wp-block-column-is-layout-flow\" style=\"background-color:#f4efeb\">\n<div class=\"wp-block-columns alignfull is-layout-flex wp-container-core-columns-is-layout-9d6595d7 wp-block-columns-is-layout-flex\">\n<div class=\"wp-block-column has-black-color has-text-color has-link-color wp-elements-8d7a80937d85efded56e9e30671240c9 is-layout-flow wp-block-column-is-layout-flow\" style=\"flex-basis:100%\">\n<div class=\"wp-block-columns is-layout-flex wp-container-core-columns-is-layout-9d6595d7 wp-block-columns-is-layout-flex\">\n<div class=\"wp-block-column is-layout-flow wp-block-column-is-layout-flow\" style=\"flex-basis:5%\"><\/div>\n\n\n\n<div class=\"wp-block-column is-layout-flow wp-block-column-is-layout-flow\">\n<p><\/p>\n\n\n\n<h2 class=\"wp-block-heading\" style=\"font-size:26px\">Adh\u00e9sion \u00e0 l&rsquo;association&nbsp;(\u00e0 partir de 17\u20ac\/an)<\/h2>\n\n\n\n<p>La cotisation contribue \u00e0 l&rsquo;assurance et \u00e0 la gestion administrative (logiciel de gestion, site internet, frais bancaires&#8230;).&nbsp;<\/p>\n\n\n\n<p>Montant de la cotisation <strong>individuelle<\/strong> : <\/p>\n\n\n\n<ul class=\"wp-block-list\">\n<li>17\u20ac \/an si votre lieu de r\u00e9sidence se situe sur le territoire de la CC3M <\/li>\n\n\n\n<li>25\u20ac \/an si vous r\u00e9sidez en dehors de la CC3M<\/li>\n<\/ul>\n\n\n\n<p>Montant de la cotisation <strong>familiale<\/strong> (\u00e0 partir de 2 adh\u00e9rents par famille)<\/p>\n\n\n\n<ul class=\"wp-block-list\">\n<li>30\u20ac \/an\/famille si votre lieu de r\u00e9sidence se situe sur le territoire de la CC3M<\/li>\n\n\n\n<li>40\u20ac \/an\/famille si vous r\u00e9sidez en dehors de la CC3M<\/li>\n<\/ul>\n\n\n\n<p><\/p>\n\n\n\n<p>NB : Vous pouvez b\u00e9n\u00e9ficier d&rsquo;une r\u00e9duction d&rsquo;imp\u00f4t de 66% du montant de la cotisation (dans la limite de&nbsp;20&nbsp;%&nbsp;du revenu imposable).<\/p>\n<\/div>\n\n\n\n<div class=\"wp-block-column is-layout-flow wp-block-column-is-layout-flow\" style=\"flex-basis:5%\"><\/div>\n<\/div>\n<\/div>\n<\/div>\n<\/div>\n\n\n\n<div class=\"wp-block-column is-layout-flow wp-block-column-is-layout-flow\" style=\"flex-basis:20%\"><\/div>\n<\/div>\n\n\n\n<p><\/p>\n\n\n\n<div class=\"wp-block-columns is-layout-flex wp-container-core-columns-is-layout-9d6595d7 wp-block-columns-is-layout-flex\">\n<div class=\"wp-block-column is-layout-flow wp-block-column-is-layout-flow\" style=\"flex-basis:10%\"><\/div>\n\n\n\n<div class=\"wp-block-column is-layout-flow wp-block-column-is-layout-flow\">\n<div class=\"wp-block-columns alignfull is-layout-flex wp-container-core-columns-is-layout-9d6595d7 wp-block-columns-is-layout-flex\">\n<div class=\"wp-block-column has-black-color has-text-color has-link-color wp-elements-6cb2029b995d50b7e181b38d3f90077a is-layout-flow wp-block-column-is-layout-flow\" style=\"flex-basis:100%\">\n<div class=\"wp-block-columns is-layout-flex wp-container-core-columns-is-layout-9d6595d7 wp-block-columns-is-layout-flex\">\n<div class=\"wp-block-column is-layout-flow wp-block-column-is-layout-flow\" style=\"flex-basis:5%\">\n<p><\/p>\n<\/div>\n\n\n\n<div class=\"wp-block-column has-black-color has-text-color has-link-color wp-elements-a51c3e17d2e0a9f259a018e5b155bcf0 is-layout-flow wp-block-column-is-layout-flow\">\n<p><\/p>\n\n\n\n<h2 class=\"wp-block-heading has-text-align-center\" style=\"font-size:26px\">Eveil musical 3-5 ans&nbsp;(15\u20ac \/mois)<\/h2>\n\n\n\n<p>Votre enfant souhaite appr\u00e9hender la musique ou vous souhaitez la lui faire d\u00e9couvrir&nbsp;?<\/p>\n\n\n\n<p>Ce cours hebdomadaire de 45 min lui permettra de d\u00e9couvrir le rythme, le chant et d&rsquo;autres aspects de la musique.&nbsp;<\/p>\n\n\n\n<p><\/p>\n\n\n\n<p class=\"has-black-color has-text-color has-link-color wp-elements-9ac00cf961d1ea846fe5a532228b76c6\"><\/p>\n<\/div>\n\n\n\n<div class=\"wp-block-column is-layout-flow wp-block-column-is-layout-flow\" style=\"flex-basis:5%\"><\/div>\n\n\n\n<div class=\"wp-block-column has-black-color has-text-color has-link-color wp-elements-15943a1416a140a6e3abadc0a3c1d17f is-layout-flow wp-block-column-is-layout-flow\">\n<p><\/p>\n\n\n\n<h2 class=\"wp-block-heading has-text-align-center\" style=\"font-size:26px\">Pack apprentissage&nbsp;(69\u20ac \/mois)<\/h2>\n\n\n\n<p>Le Pack apprentissage vous permettra de progresser rapidement dans votre pratique instrumentale.<\/p>\n\n\n\n<p>Ce pack vous permet d&rsquo;avoir acc\u00e8s \u00e0<\/p>\n\n\n\n<ul class=\"wp-block-list\">\n<li>un cours individuel d&rsquo;instrument&nbsp;ou de chant de 30 min \/semaine<\/li>\n\n\n\n<li>un cours de solf\u00e8ge de 45 min \/&nbsp;semaine (offert)<\/li>\n\n\n\n<li>et un atelier collectif de 60 min ou 90 min \/ semaine<\/li>\n<\/ul>\n<\/div>\n\n\n\n<div class=\"wp-block-column is-layout-flow wp-block-column-is-layout-flow\" style=\"flex-basis:5%\"><\/div>\n<\/div>\n<\/div>\n<\/div>\n<\/div>\n\n\n\n<div class=\"wp-block-column is-layout-flow wp-block-column-is-layout-flow\" style=\"flex-basis:10%\"><\/div>\n<\/div>\n\n\n\n<div class=\"wp-block-columns has-background is-layout-flex wp-container-core-columns-is-layout-9d6595d7 wp-block-columns-is-layout-flex\" style=\"background-color:#f4efeb\">\n<div class=\"wp-block-column is-layout-flow wp-block-column-is-layout-flow\" style=\"flex-basis:10%\"><\/div>\n\n\n\n<div class=\"wp-block-column has-background is-layout-flow wp-block-column-is-layout-flow\" style=\"background-color:#f4efeb\">\n<div class=\"wp-block-columns alignfull is-layout-flex wp-container-core-columns-is-layout-9d6595d7 wp-block-columns-is-layout-flex\">\n<div class=\"wp-block-column has-black-color has-text-color has-background has-link-color wp-elements-287ce93cfdd2d16f09b2156366ef86f0 is-layout-flow wp-block-column-is-layout-flow\" style=\"background-color:#f4efeb;flex-basis:100%\">\n<div class=\"wp-block-columns is-layout-flex wp-container-core-columns-is-layout-9d6595d7 wp-block-columns-is-layout-flex\">\n<div class=\"wp-block-column is-layout-flow wp-block-column-is-layout-flow\" style=\"flex-basis:5%\">\n<p><\/p>\n<\/div>\n\n\n\n<div class=\"wp-block-column is-layout-flow wp-block-column-is-layout-flow\">\n<p><\/p>\n\n\n\n<h2 class=\"wp-block-heading\" style=\"font-size:26px\">Cours individuel hors pack&nbsp;(de 30\u20ac \u00e0 59\u20ac \/mois)<\/h2>\n\n\n\n<p>Cours individuel d&rsquo;instrument ou de chant de 30 min\/ semaine.<\/p>\n\n\n\n<ul class=\"wp-block-list\">\n<li> 59\u20ac \/mois pour des cours \u00e0 la semaine.&nbsp;<\/li>\n\n\n\n<li>30\u20ac \/mois pour des cours \u00e0 la quinzaine<\/li>\n<\/ul>\n<\/div>\n\n\n\n<div class=\"wp-block-column is-layout-flow wp-block-column-is-layout-flow\" style=\"flex-basis:5%\"><\/div>\n\n\n\n<div class=\"wp-block-column is-layout-flow wp-block-column-is-layout-flow\">\n<p><\/p>\n\n\n\n<h2 class=\"wp-block-heading\" style=\"font-size:26px\">Atelier hors pack&nbsp;(de 22\u20ac \u00e0 35\u20ac \/mois)<\/h2>\n\n\n\n<p>Le tarif des ateliers d\u00e9pend de leur dur\u00e9e:<\/p>\n\n\n\n<ul class=\"wp-block-list\">\n<li>22\u20ac \/mois pour un atelier de hebdomadaire de  60 min<\/li>\n\n\n\n<li>35\u20ac \/mois pour un atelier hebdomadaire de  90 min<\/li>\n<\/ul>\n<\/div>\n\n\n\n<div class=\"wp-block-column is-layout-flow wp-block-column-is-layout-flow\" style=\"flex-basis:5%\"><\/div>\n<\/div>\n<\/div>\n<\/div>\n\n\n\n<h2 class=\"wp-block-heading\"><\/h2>\n<\/div>\n\n\n\n<div class=\"wp-block-column is-layout-flow wp-block-column-is-layout-flow\" style=\"flex-basis:10%\"><\/div>\n<\/div>\n\n\n\n<p class=\"has-text-align-center has-black-color has-text-color has-background has-link-color wp-elements-93bc0cec9c0ba145de6d5888194e4be4\" style=\"background-color:#e5f5ff\"><strong>L\u2019inscription&nbsp;\u00e0&nbsp;l\u2019\u00e9cole&nbsp;de musique est un engagement pour toute&nbsp;l\u2019ann\u00e9e&nbsp;scolaire, soit sur 10 mois de cours<br>(du 8\/09\/2025 au 04\/07\/2026)<br><br>Les cours ont lieu hors jours f\u00e9ri\u00e9s et vacances solaires.<br><br>Le r\u00e8glement peut se faire au mois (en 10 fois), au trimestre (en 3 fois) ou \u00e0 l&rsquo;ann\u00e9e (en 1 fois).<\/strong><\/p>\n\n\n\n<p><\/p>\n","protected":false},"excerpt":{"rendered":"<p>Adh\u00e9sion \u00e0 l&rsquo;association&nbsp;(\u00e0 partir de 17\u20ac\/an) La cotisation contribue \u00e0 l&rsquo;assurance et \u00e0 la gestion administrative (logiciel de gestion, site internet, frais bancaires&#8230;).&nbsp; Montant de la cotisation individuelle : Montant &#8230;<\/p>\n","protected":false},"author":1,"featured_media":0,"parent":0,"menu_order":0,"comment_status":"closed","ping_status":"closed","template":"template-fullwidth-stretched.php","meta":{"footnotes":""},"class_list":["post-41","page","type-page","status-publish","hentry"],"yoast_head":"<!-- This site is optimized with the Yoast SEO plugin v25.6 - https:\/\/yoast.com\/wordpress\/plugins\/seo\/ -->\n<title>Tarifs - Ecole de Musique du Bayonnais<\/title>\n<meta name=\"robots\" content=\"index, follow, max-snippet:-1, max-image-preview:large, max-video-preview:-1\" \/>\n<link rel=\"canonical\" href=\"https:\/\/ecole-musique-bayonnais.fr\/?page_id=41\" \/>\n<meta property=\"og:locale\" content=\"fr_FR\" \/>\n<meta property=\"og:type\" content=\"article\" \/>\n<meta property=\"og:title\" content=\"Tarifs - Ecole de Musique du Bayonnais\" \/>\n<meta property=\"og:description\" content=\"Adh\u00e9sion \u00e0 l&rsquo;association&nbsp;(\u00e0 partir de 17\u20ac\/an) La cotisation contribue \u00e0 l&rsquo;assurance et \u00e0 la gestion administrative (logiciel de gestion, site internet, frais bancaires&#8230;).&nbsp; Montant de la cotisation individuelle : Montant ...\" \/>\n<meta property=\"og:url\" content=\"https:\/\/ecole-musique-bayonnais.fr\/?page_id=41\" \/>\n<meta property=\"og:site_name\" content=\"Ecole de Musique du Bayonnais\" \/>\n<meta property=\"article:publisher\" content=\"https:\/\/www.facebook.com\/EcoleDeMusiqueDuBayonnais\" \/>\n<meta property=\"article:modified_time\" content=\"2025-09-05T13:10:46+00:00\" \/>\n<meta property=\"og:image\" content=\"https:\/\/ecole-musique-bayonnais.fr\/wp-content\/uploads\/2025\/08\/IMG-20250125-WA0005.jpg\" \/>\n\t<meta property=\"og:image:width\" content=\"1600\" \/>\n\t<meta property=\"og:image:height\" content=\"1200\" \/>\n\t<meta property=\"og:image:type\" content=\"image\/jpeg\" \/>\n<meta name=\"twitter:card\" content=\"summary_large_image\" \/>\n<meta name=\"twitter:label1\" content=\"Dur\u00e9e de lecture estim\u00e9e\" \/>\n\t<meta name=\"twitter:data1\" content=\"3 minutes\" \/>\n<script type=\"application\/ld+json\" class=\"yoast-schema-graph\">{\"@context\":\"https:\/\/schema.org\",\"@graph\":[{\"@type\":\"WebPage\",\"@id\":\"https:\/\/ecole-musique-bayonnais.fr\/?page_id=41\",\"url\":\"https:\/\/ecole-musique-bayonnais.fr\/?page_id=41\",\"name\":\"Tarifs - Ecole de Musique du Bayonnais\",\"isPartOf\":{\"@id\":\"https:\/\/ecole-musique-bayonnais.fr\/#website\"},\"primaryImageOfPage\":{\"@id\":\"https:\/\/ecole-musique-bayonnais.fr\/?page_id=41#primaryimage\"},\"image\":{\"@id\":\"https:\/\/ecole-musique-bayonnais.fr\/?page_id=41#primaryimage\"},\"thumbnailUrl\":\"http:\/\/ecole-musique-bayonnais.fr\/wp-content\/uploads\/2025\/08\/IMG-20250125-WA0005.jpg\",\"datePublished\":\"2025-08-05T18:47:05+00:00\",\"dateModified\":\"2025-09-05T13:10:46+00:00\",\"breadcrumb\":{\"@id\":\"https:\/\/ecole-musique-bayonnais.fr\/?page_id=41#breadcrumb\"},\"inLanguage\":\"fr-FR\",\"potentialAction\":[{\"@type\":\"ReadAction\",\"target\":[\"https:\/\/ecole-musique-bayonnais.fr\/?page_id=41\"]}]},{\"@type\":\"ImageObject\",\"inLanguage\":\"fr-FR\",\"@id\":\"https:\/\/ecole-musique-bayonnais.fr\/?page_id=41#primaryimage\",\"url\":\"https:\/\/ecole-musique-bayonnais.fr\/wp-content\/uploads\/2025\/08\/IMG-20250125-WA0005.jpg\",\"contentUrl\":\"https:\/\/ecole-musique-bayonnais.fr\/wp-content\/uploads\/2025\/08\/IMG-20250125-WA0005.jpg\",\"width\":1600,\"height\":1200},{\"@type\":\"BreadcrumbList\",\"@id\":\"https:\/\/ecole-musique-bayonnais.fr\/?page_id=41#breadcrumb\",\"itemListElement\":[{\"@type\":\"ListItem\",\"position\":1,\"name\":\"Home\",\"item\":\"https:\/\/ecole-musique-bayonnais.fr\/\"},{\"@type\":\"ListItem\",\"position\":2,\"name\":\"Tarifs\"}]},{\"@type\":\"WebSite\",\"@id\":\"https:\/\/ecole-musique-bayonnais.fr\/#website\",\"url\":\"https:\/\/ecole-musique-bayonnais.fr\/\",\"name\":\"Ecole de Musique du Bayonnais\",\"description\":\"... et la musique se partage\",\"publisher\":{\"@id\":\"https:\/\/ecole-musique-bayonnais.fr\/#organization\"},\"potentialAction\":[{\"@type\":\"SearchAction\",\"target\":{\"@type\":\"EntryPoint\",\"urlTemplate\":\"https:\/\/ecole-musique-bayonnais.fr\/?s={search_term_string}\"},\"query-input\":{\"@type\":\"PropertyValueSpecification\",\"valueRequired\":true,\"valueName\":\"search_term_string\"}}],\"inLanguage\":\"fr-FR\"},{\"@type\":\"Organization\",\"@id\":\"https:\/\/ecole-musique-bayonnais.fr\/#organization\",\"name\":\"Ecole de Musique du Bayonnais\",\"url\":\"https:\/\/ecole-musique-bayonnais.fr\/\",\"logo\":{\"@type\":\"ImageObject\",\"inLanguage\":\"fr-FR\",\"@id\":\"https:\/\/ecole-musique-bayonnais.fr\/#\/schema\/logo\/image\/\",\"url\":\"https:\/\/ecole-musique-bayonnais.fr\/wp-content\/uploads\/2025\/07\/cropped-logo_EMB-1.png\",\"contentUrl\":\"https:\/\/ecole-musique-bayonnais.fr\/wp-content\/uploads\/2025\/07\/cropped-logo_EMB-1.png\",\"width\":358,\"height\":283,\"caption\":\"Ecole de Musique du Bayonnais\"},\"image\":{\"@id\":\"https:\/\/ecole-musique-bayonnais.fr\/#\/schema\/logo\/image\/\"},\"sameAs\":[\"https:\/\/www.facebook.com\/EcoleDeMusiqueDuBayonnais\"]}]}<\/script>\n<!-- \/ Yoast SEO plugin. -->","yoast_head_json":{"title":"Tarifs - Ecole de Musique du Bayonnais","robots":{"index":"index","follow":"follow","max-snippet":"max-snippet:-1","max-image-preview":"max-image-preview:large","max-video-preview":"max-video-preview:-1"},"canonical":"https:\/\/ecole-musique-bayonnais.fr\/?page_id=41","og_locale":"fr_FR","og_type":"article","og_title":"Tarifs - Ecole de Musique du Bayonnais","og_description":"Adh\u00e9sion \u00e0 l&rsquo;association&nbsp;(\u00e0 partir de 17\u20ac\/an) La cotisation contribue \u00e0 l&rsquo;assurance et \u00e0 la gestion administrative (logiciel de gestion, site internet, frais bancaires&#8230;).&nbsp; Montant de la cotisation individuelle : Montant ...","og_url":"https:\/\/ecole-musique-bayonnais.fr\/?page_id=41","og_site_name":"Ecole de Musique du Bayonnais","article_publisher":"https:\/\/www.facebook.com\/EcoleDeMusiqueDuBayonnais","article_modified_time":"2025-09-05T13:10:46+00:00","og_image":[{"width":1600,"height":1200,"url":"https:\/\/ecole-musique-bayonnais.fr\/wp-content\/uploads\/2025\/08\/IMG-20250125-WA0005.jpg","type":"image\/jpeg"}],"twitter_card":"summary_large_image","twitter_misc":{"Dur\u00e9e de lecture estim\u00e9e":"3 minutes"},"schema":{"@context":"https:\/\/schema.org","@graph":[{"@type":"WebPage","@id":"https:\/\/ecole-musique-bayonnais.fr\/?page_id=41","url":"https:\/\/ecole-musique-bayonnais.fr\/?page_id=41","name":"Tarifs - Ecole de Musique du Bayonnais","isPartOf":{"@id":"https:\/\/ecole-musique-bayonnais.fr\/#website"},"primaryImageOfPage":{"@id":"https:\/\/ecole-musique-bayonnais.fr\/?page_id=41#primaryimage"},"image":{"@id":"https:\/\/ecole-musique-bayonnais.fr\/?page_id=41#primaryimage"},"thumbnailUrl":"http:\/\/ecole-musique-bayonnais.fr\/wp-content\/uploads\/2025\/08\/IMG-20250125-WA0005.jpg","datePublished":"2025-08-05T18:47:05+00:00","dateModified":"2025-09-05T13:10:46+00:00","breadcrumb":{"@id":"https:\/\/ecole-musique-bayonnais.fr\/?page_id=41#breadcrumb"},"inLanguage":"fr-FR","potentialAction":[{"@type":"ReadAction","target":["https:\/\/ecole-musique-bayonnais.fr\/?page_id=41"]}]},{"@type":"ImageObject","inLanguage":"fr-FR","@id":"https:\/\/ecole-musique-bayonnais.fr\/?page_id=41#primaryimage","url":"https:\/\/ecole-musique-bayonnais.fr\/wp-content\/uploads\/2025\/08\/IMG-20250125-WA0005.jpg","contentUrl":"https:\/\/ecole-musique-bayonnais.fr\/wp-content\/uploads\/2025\/08\/IMG-20250125-WA0005.jpg","width":1600,"height":1200},{"@type":"BreadcrumbList","@id":"https:\/\/ecole-musique-bayonnais.fr\/?page_id=41#breadcrumb","itemListElement":[{"@type":"ListItem","position":1,"name":"Home","item":"https:\/\/ecole-musique-bayonnais.fr\/"},{"@type":"ListItem","position":2,"name":"Tarifs"}]},{"@type":"WebSite","@id":"https:\/\/ecole-musique-bayonnais.fr\/#website","url":"https:\/\/ecole-musique-bayonnais.fr\/","name":"Ecole de Musique du Bayonnais","description":"... et la musique se partage","publisher":{"@id":"https:\/\/ecole-musique-bayonnais.fr\/#organization"},"potentialAction":[{"@type":"SearchAction","target":{"@type":"EntryPoint","urlTemplate":"https:\/\/ecole-musique-bayonnais.fr\/?s={search_term_string}"},"query-input":{"@type":"PropertyValueSpecification","valueRequired":true,"valueName":"search_term_string"}}],"inLanguage":"fr-FR"},{"@type":"Organization","@id":"https:\/\/ecole-musique-bayonnais.fr\/#organization","name":"Ecole de Musique du Bayonnais","url":"https:\/\/ecole-musique-bayonnais.fr\/","logo":{"@type":"ImageObject","inLanguage":"fr-FR","@id":"https:\/\/ecole-musique-bayonnais.fr\/#\/schema\/logo\/image\/","url":"https:\/\/ecole-musique-bayonnais.fr\/wp-content\/uploads\/2025\/07\/cropped-logo_EMB-1.png","contentUrl":"https:\/\/ecole-musique-bayonnais.fr\/wp-content\/uploads\/2025\/07\/cropped-logo_EMB-1.png","width":358,"height":283,"caption":"Ecole de Musique du Bayonnais"},"image":{"@id":"https:\/\/ecole-musique-bayonnais.fr\/#\/schema\/logo\/image\/"},"sameAs":["https:\/\/www.facebook.com\/EcoleDeMusiqueDuBayonnais"]}]}},"_links":{"self":[{"href":"https:\/\/ecole-musique-bayonnais.fr\/index.php?rest_route=\/wp\/v2\/pages\/41","targetHints":{"allow":["GET"]}}],"collection":[{"href":"https:\/\/ecole-musique-bayonnais.fr\/index.php?rest_route=\/wp\/v2\/pages"}],"about":[{"href":"https:\/\/ecole-musique-bayonnais.fr\/index.php?rest_route=\/wp\/v2\/types\/page"}],"author":[{"embeddable":true,"href":"https:\/\/ecole-musique-bayonnais.fr\/index.php?rest_route=\/wp\/v2\/users\/1"}],"replies":[{"embeddable":true,"href":"https:\/\/ecole-musique-bayonnais.fr\/index.php?rest_route=%2Fwp%2Fv2%2Fcomments&post=41"}],"version-history":[{"count":45,"href":"https:\/\/ecole-musique-bayonnais.fr\/index.php?rest_route=\/wp\/v2\/pages\/41\/revisions"}],"predecessor-version":[{"id":476,"href":"https:\/\/ecole-musique-bayonnais.fr\/index.php?rest_route=\/wp\/v2\/pages\/41\/revisions\/476"}],"wp:attachment":[{"href":"https:\/\/ecole-musique-bayonnais.fr\/index.php?rest_route=%2Fwp%2Fv2%2Fmedia&parent=41"}],"curies":[{"name":"wp","href":"https:\/\/api.w.org\/{rel}","templated":true}]}}