{"id":26,"date":"2025-08-05T19:29:39","date_gmt":"2025-08-05T19:29:39","guid":{"rendered":"http:\/\/ecole-musique-bayonnais.fr\/?page_id=26"},"modified":"2025-08-21T07:36:50","modified_gmt":"2025-08-21T06:36:50","slug":"contact","status":"publish","type":"page","link":"https:\/\/ecole-musique-bayonnais.fr\/?page_id=26","title":{"rendered":"Contact"},"content":{"rendered":"\n<div class=\"wp-block-cover aligncenter is-light\" style=\"min-height:200px;aspect-ratio:unset;\"><img loading=\"lazy\" decoding=\"async\" width=\"2560\" height=\"1920\" class=\"wp-block-cover__image-background wp-image-267 size-full\" alt=\"\" src=\"http:\/\/ecole-musique-bayonnais.fr\/wp-content\/uploads\/2025\/08\/IMG_20250322_102513-scaled.jpg\" data-object-fit=\"cover\" srcset=\"https:\/\/ecole-musique-bayonnais.fr\/wp-content\/uploads\/2025\/08\/IMG_20250322_102513-scaled.jpg 2560w, https:\/\/ecole-musique-bayonnais.fr\/wp-content\/uploads\/2025\/08\/IMG_20250322_102513-300x225.jpg 300w, https:\/\/ecole-musique-bayonnais.fr\/wp-content\/uploads\/2025\/08\/IMG_20250322_102513-1024x768.jpg 1024w, https:\/\/ecole-musique-bayonnais.fr\/wp-content\/uploads\/2025\/08\/IMG_20250322_102513-768x576.jpg 768w, https:\/\/ecole-musique-bayonnais.fr\/wp-content\/uploads\/2025\/08\/IMG_20250322_102513-1536x1152.jpg 1536w, https:\/\/ecole-musique-bayonnais.fr\/wp-content\/uploads\/2025\/08\/IMG_20250322_102513-2048x1536.jpg 2048w\" sizes=\"auto, (max-width: 2560px) 100vw, 2560px\" \/><span aria-hidden=\"true\" class=\"wp-block-cover__background has-background-dim-0 has-background-dim\"><\/span><div class=\"wp-block-cover__inner-container is-layout-constrained wp-block-cover-is-layout-constrained\">\n<div class=\"wp-block-columns is-layout-flex wp-container-core-columns-is-layout-9d6595d7 wp-block-columns-is-layout-flex\">\n<div class=\"wp-block-column is-vertically-aligned-top is-layout-flow wp-block-column-is-layout-flow\" style=\"flex-basis:66.66%\"><\/div>\n\n\n\n<div class=\"wp-block-column is-layout-flow wp-block-column-is-layout-flow\" style=\"flex-basis:25%\">\n<div class=\"wp-block-buttons alignwide is-content-justification-center is-layout-flex wp-container-core-buttons-is-layout-16018d1d wp-block-buttons-is-layout-flex\">\n<div class=\"wp-block-button has-custom-width wp-block-button__width-75 is-style-fill\"><a class=\"wp-block-button__link has-white-color has-text-color has-background has-link-color has-small-font-size has-custom-font-size wp-element-button\" href=\"https:\/\/forms.gle\/xApWuZ3BfiZWB4Fq8\" style=\"background-color:#61bbf8\">S&rsquo;inscrire pour la saison 2025-2026<\/a><\/div>\n<\/div>\n<\/div>\n<\/div>\n\n\n\n<div class=\"wp-block-columns is-layout-flex wp-container-core-columns-is-layout-9d6595d7 wp-block-columns-is-layout-flex\">\n<div class=\"wp-block-column is-layout-flow wp-block-column-is-layout-flow\">\n<div class=\"wp-block-columns is-layout-flex wp-container-core-columns-is-layout-9d6595d7 wp-block-columns-is-layout-flex\">\n<div class=\"wp-block-column is-layout-flow wp-block-column-is-layout-flow\" style=\"flex-basis:10%\"><\/div>\n\n\n\n<div class=\"wp-block-column has-background is-layout-flow wp-block-column-is-layout-flow\" style=\"background-color:#e5f5ff\">\n<div class=\"wp-block-columns is-layout-flex wp-container-core-columns-is-layout-9d6595d7 wp-block-columns-is-layout-flex\">\n<div class=\"wp-block-column is-layout-flow wp-block-column-is-layout-flow\" style=\"flex-basis:5%\">\n<p><\/p>\n<\/div>\n\n\n\n<div class=\"wp-block-column is-layout-flow wp-block-column-is-layout-flow\">\n<h2 class=\"wp-block-heading has-small-font-size\"><\/h2>\n\n\n\n<h2 class=\"wp-block-heading has-text-align-center has-black-color has-text-color has-link-color wp-elements-da3e7750336e7a49f4d02fc535613bbe\" style=\"font-size:16px\">Questions, remarques, suggestions&nbsp;? <\/h2>\n\n\n\n<h2 class=\"wp-block-heading has-text-align-center has-black-color has-text-color has-link-color wp-elements-4bacad9d9110c35f009505d45eeebcc5\" style=\"font-size:26px\">Contactez-nous&nbsp;!<\/h2>\n\n\n\n<h2 class=\"wp-block-heading has-text-align-center has-black-color has-text-color has-link-color wp-elements-2363a694edf1309396e3b9246e49f9f6\" style=\"font-size:16px\">Ecrivez-nous \u00e0 cette adresse mail :\u00a0<\/h2>\n\n\n\n<h2 class=\"wp-block-heading has-text-align-center has-black-color has-text-color has-link-color wp-elements-9dc129546d6f258c98ff5416aaafa903\" style=\"font-size:16px\">ecolemusique.bayonnais@gmail.com&nbsp;<\/h2>\n\n\n\n<h2 class=\"wp-block-heading has-text-align-center has-black-color has-text-color has-link-color wp-elements-74bd1abf80292b26fd955ec00953d118\" style=\"font-size:16px\">Retrouvez nous sur les r\u00e9seaux sociaux<\/h2>\n<\/div>\n<\/div>\n<\/div>\n\n\n\n<div class=\"wp-block-column is-layout-flow wp-block-column-is-layout-flow\" style=\"flex-basis:10%\"><\/div>\n<\/div>\n\n\n\n<div class=\"wp-block-columns is-layout-flex wp-container-core-columns-is-layout-9d6595d7 wp-block-columns-is-layout-flex\">\n<div class=\"wp-block-column is-layout-flow wp-block-column-is-layout-flow\"><\/div>\n\n\n\n<div class=\"wp-block-column is-layout-flow wp-block-column-is-layout-flow\"><\/div>\n\n\n\n<div class=\"wp-block-column is-layout-flow wp-block-column-is-layout-flow\"><\/div>\n<\/div>\n<\/div>\n<\/div>\n\n\n\n<div class=\"wp-block-columns is-layout-flex wp-container-core-columns-is-layout-9d6595d7 wp-block-columns-is-layout-flex\">\n<div class=\"wp-block-column is-layout-flow wp-block-column-is-layout-flow\"><\/div>\n<\/div>\n<\/div><\/div>\n\n\n\n<div class=\"wp-block-columns has-background is-layout-flex wp-container-core-columns-is-layout-9d6595d7 wp-block-columns-is-layout-flex\" style=\"background-color:#f4efeb\">\n<div class=\"wp-block-column is-layout-flow wp-block-column-is-layout-flow\" style=\"flex-basis:20%\">\n<p><\/p>\n<\/div>\n\n\n\n<div class=\"wp-block-column has-background is-layout-flow wp-block-column-is-layout-flow\" style=\"background-color:#f4efeb\">\n<div class=\"wp-block-columns alignfull is-layout-flex wp-container-core-columns-is-layout-9d6595d7 wp-block-columns-is-layout-flex\">\n<div class=\"wp-block-column has-black-color has-text-color has-link-color wp-elements-38ff70b206caecf61241eaa7cfc10050 is-layout-flow wp-block-column-is-layout-flow\" style=\"flex-basis:100%\">\n<div class=\"wp-block-columns is-layout-flex wp-container-core-columns-is-layout-9d6595d7 wp-block-columns-is-layout-flex\">\n<div class=\"wp-block-column is-layout-flow wp-block-column-is-layout-flow\" style=\"flex-basis:5%\"><\/div>\n\n\n\n<div class=\"wp-block-column is-layout-flow wp-block-column-is-layout-flow\">\n<p><\/p>\n\n\n\n<h2 class=\"wp-block-heading\" style=\"font-size:26px\">L&rsquo;\u00e9quipe de b\u00e9n\u00e9voles \u00e0 votre \u00e9coute<\/h2>\n\n\n\n<p>Nous serons heureux de prendre en compte vos remarques et suggestions pour am\u00e9liorer l&rsquo;Ecole et \u00eatre au plus proche de vos attentes.<\/p>\n\n\n\n<p>Quelques noms:&nbsp;<\/p>\n\n\n\n<p>Clo\u00e9 POIROT, Charg\u00e9e de communication <\/p>\n\n\n\n<p>Gabrielle CARPENTIER, Secr\u00e9taire<\/p>\n\n\n\n<p>Marc GROJEAN, Pr\u00e9sident<\/p>\n\n\n\n<p>Fanny MENGEL, Tr\u00e9sori\u00e8re&nbsp;<\/p>\n\n\n\n<p><\/p>\n<\/div>\n\n\n\n<div class=\"wp-block-column is-layout-flow wp-block-column-is-layout-flow\" style=\"flex-basis:5%\"><\/div>\n<\/div>\n<\/div>\n<\/div>\n<\/div>\n\n\n\n<div class=\"wp-block-column is-layout-flow wp-block-column-is-layout-flow\" style=\"flex-basis:20%\"><\/div>\n<\/div>\n\n\n\n<p><\/p>\n","protected":false},"excerpt":{"rendered":"<p>L&rsquo;\u00e9quipe de b\u00e9n\u00e9voles \u00e0 votre \u00e9coute Nous serons heureux de prendre en compte vos remarques et suggestions pour am\u00e9liorer l&rsquo;Ecole et \u00eatre au plus proche de vos attentes. Quelques noms:&nbsp; &#8230;<\/p>\n","protected":false},"author":1,"featured_media":0,"parent":0,"menu_order":0,"comment_status":"closed","ping_status":"closed","template":"template-fullwidth-stretched.php","meta":{"footnotes":""},"class_list":["post-26","page","type-page","status-publish","hentry"],"yoast_head":"<!-- This site is optimized with the Yoast SEO plugin v25.6 - https:\/\/yoast.com\/wordpress\/plugins\/seo\/ -->\n<title>Contact - Ecole de Musique du Bayonnais<\/title>\n<meta name=\"robots\" content=\"index, follow, max-snippet:-1, max-image-preview:large, max-video-preview:-1\" \/>\n<link rel=\"canonical\" href=\"https:\/\/ecole-musique-bayonnais.fr\/?page_id=26\" \/>\n<meta property=\"og:locale\" content=\"fr_FR\" \/>\n<meta property=\"og:type\" content=\"article\" \/>\n<meta property=\"og:title\" content=\"Contact - Ecole de Musique du Bayonnais\" \/>\n<meta property=\"og:description\" content=\"L&rsquo;\u00e9quipe de b\u00e9n\u00e9voles \u00e0 votre \u00e9coute Nous serons heureux de prendre en compte vos remarques et suggestions pour am\u00e9liorer l&rsquo;Ecole et \u00eatre au plus proche de vos attentes. Quelques noms:&nbsp; ...\" \/>\n<meta property=\"og:url\" content=\"https:\/\/ecole-musique-bayonnais.fr\/?page_id=26\" \/>\n<meta property=\"og:site_name\" content=\"Ecole de Musique du Bayonnais\" \/>\n<meta property=\"article:publisher\" content=\"https:\/\/www.facebook.com\/EcoleDeMusiqueDuBayonnais\" \/>\n<meta property=\"article:modified_time\" content=\"2025-08-21T06:36:50+00:00\" \/>\n<meta property=\"og:image\" content=\"https:\/\/ecole-musique-bayonnais.fr\/wp-content\/uploads\/2025\/08\/IMG_20250322_102513-scaled.jpg\" \/>\n\t<meta property=\"og:image:width\" content=\"2560\" \/>\n\t<meta property=\"og:image:height\" content=\"1920\" \/>\n\t<meta property=\"og:image:type\" content=\"image\/jpeg\" \/>\n<meta name=\"twitter:card\" content=\"summary_large_image\" \/>\n<meta name=\"twitter:label1\" content=\"Dur\u00e9e de lecture estim\u00e9e\" \/>\n\t<meta name=\"twitter:data1\" content=\"1 minute\" \/>\n<script type=\"application\/ld+json\" class=\"yoast-schema-graph\">{\"@context\":\"https:\/\/schema.org\",\"@graph\":[{\"@type\":\"WebPage\",\"@id\":\"https:\/\/ecole-musique-bayonnais.fr\/?page_id=26\",\"url\":\"https:\/\/ecole-musique-bayonnais.fr\/?page_id=26\",\"name\":\"Contact - Ecole de Musique du Bayonnais\",\"isPartOf\":{\"@id\":\"https:\/\/ecole-musique-bayonnais.fr\/#website\"},\"primaryImageOfPage\":{\"@id\":\"https:\/\/ecole-musique-bayonnais.fr\/?page_id=26#primaryimage\"},\"image\":{\"@id\":\"https:\/\/ecole-musique-bayonnais.fr\/?page_id=26#primaryimage\"},\"thumbnailUrl\":\"http:\/\/ecole-musique-bayonnais.fr\/wp-content\/uploads\/2025\/08\/IMG_20250322_102513-scaled.jpg\",\"datePublished\":\"2025-08-05T19:29:39+00:00\",\"dateModified\":\"2025-08-21T06:36:50+00:00\",\"breadcrumb\":{\"@id\":\"https:\/\/ecole-musique-bayonnais.fr\/?page_id=26#breadcrumb\"},\"inLanguage\":\"fr-FR\",\"potentialAction\":[{\"@type\":\"ReadAction\",\"target\":[\"https:\/\/ecole-musique-bayonnais.fr\/?page_id=26\"]}]},{\"@type\":\"ImageObject\",\"inLanguage\":\"fr-FR\",\"@id\":\"https:\/\/ecole-musique-bayonnais.fr\/?page_id=26#primaryimage\",\"url\":\"https:\/\/ecole-musique-bayonnais.fr\/wp-content\/uploads\/2025\/08\/IMG_20250322_102513-scaled.jpg\",\"contentUrl\":\"https:\/\/ecole-musique-bayonnais.fr\/wp-content\/uploads\/2025\/08\/IMG_20250322_102513-scaled.jpg\",\"width\":2560,\"height\":1920},{\"@type\":\"BreadcrumbList\",\"@id\":\"https:\/\/ecole-musique-bayonnais.fr\/?page_id=26#breadcrumb\",\"itemListElement\":[{\"@type\":\"ListItem\",\"position\":1,\"name\":\"Home\",\"item\":\"https:\/\/ecole-musique-bayonnais.fr\/\"},{\"@type\":\"ListItem\",\"position\":2,\"name\":\"Contact\"}]},{\"@type\":\"WebSite\",\"@id\":\"https:\/\/ecole-musique-bayonnais.fr\/#website\",\"url\":\"https:\/\/ecole-musique-bayonnais.fr\/\",\"name\":\"Ecole de Musique du Bayonnais\",\"description\":\"... et la musique se partage\",\"publisher\":{\"@id\":\"https:\/\/ecole-musique-bayonnais.fr\/#organization\"},\"potentialAction\":[{\"@type\":\"SearchAction\",\"target\":{\"@type\":\"EntryPoint\",\"urlTemplate\":\"https:\/\/ecole-musique-bayonnais.fr\/?s={search_term_string}\"},\"query-input\":{\"@type\":\"PropertyValueSpecification\",\"valueRequired\":true,\"valueName\":\"search_term_string\"}}],\"inLanguage\":\"fr-FR\"},{\"@type\":\"Organization\",\"@id\":\"https:\/\/ecole-musique-bayonnais.fr\/#organization\",\"name\":\"Ecole de Musique du Bayonnais\",\"url\":\"https:\/\/ecole-musique-bayonnais.fr\/\",\"logo\":{\"@type\":\"ImageObject\",\"inLanguage\":\"fr-FR\",\"@id\":\"https:\/\/ecole-musique-bayonnais.fr\/#\/schema\/logo\/image\/\",\"url\":\"https:\/\/ecole-musique-bayonnais.fr\/wp-content\/uploads\/2025\/07\/cropped-logo_EMB-1.png\",\"contentUrl\":\"https:\/\/ecole-musique-bayonnais.fr\/wp-content\/uploads\/2025\/07\/cropped-logo_EMB-1.png\",\"width\":358,\"height\":283,\"caption\":\"Ecole de Musique du Bayonnais\"},\"image\":{\"@id\":\"https:\/\/ecole-musique-bayonnais.fr\/#\/schema\/logo\/image\/\"},\"sameAs\":[\"https:\/\/www.facebook.com\/EcoleDeMusiqueDuBayonnais\"]}]}<\/script>\n<!-- \/ Yoast SEO plugin. -->","yoast_head_json":{"title":"Contact - Ecole de Musique du Bayonnais","robots":{"index":"index","follow":"follow","max-snippet":"max-snippet:-1","max-image-preview":"max-image-preview:large","max-video-preview":"max-video-preview:-1"},"canonical":"https:\/\/ecole-musique-bayonnais.fr\/?page_id=26","og_locale":"fr_FR","og_type":"article","og_title":"Contact - Ecole de Musique du Bayonnais","og_description":"L&rsquo;\u00e9quipe de b\u00e9n\u00e9voles \u00e0 votre \u00e9coute Nous serons heureux de prendre en compte vos remarques et suggestions pour am\u00e9liorer l&rsquo;Ecole et \u00eatre au plus proche de vos attentes. Quelques noms:&nbsp; ...","og_url":"https:\/\/ecole-musique-bayonnais.fr\/?page_id=26","og_site_name":"Ecole de Musique du Bayonnais","article_publisher":"https:\/\/www.facebook.com\/EcoleDeMusiqueDuBayonnais","article_modified_time":"2025-08-21T06:36:50+00:00","og_image":[{"width":2560,"height":1920,"url":"https:\/\/ecole-musique-bayonnais.fr\/wp-content\/uploads\/2025\/08\/IMG_20250322_102513-scaled.jpg","type":"image\/jpeg"}],"twitter_card":"summary_large_image","twitter_misc":{"Dur\u00e9e de lecture estim\u00e9e":"1 minute"},"schema":{"@context":"https:\/\/schema.org","@graph":[{"@type":"WebPage","@id":"https:\/\/ecole-musique-bayonnais.fr\/?page_id=26","url":"https:\/\/ecole-musique-bayonnais.fr\/?page_id=26","name":"Contact - Ecole de Musique du Bayonnais","isPartOf":{"@id":"https:\/\/ecole-musique-bayonnais.fr\/#website"},"primaryImageOfPage":{"@id":"https:\/\/ecole-musique-bayonnais.fr\/?page_id=26#primaryimage"},"image":{"@id":"https:\/\/ecole-musique-bayonnais.fr\/?page_id=26#primaryimage"},"thumbnailUrl":"http:\/\/ecole-musique-bayonnais.fr\/wp-content\/uploads\/2025\/08\/IMG_20250322_102513-scaled.jpg","datePublished":"2025-08-05T19:29:39+00:00","dateModified":"2025-08-21T06:36:50+00:00","breadcrumb":{"@id":"https:\/\/ecole-musique-bayonnais.fr\/?page_id=26#breadcrumb"},"inLanguage":"fr-FR","potentialAction":[{"@type":"ReadAction","target":["https:\/\/ecole-musique-bayonnais.fr\/?page_id=26"]}]},{"@type":"ImageObject","inLanguage":"fr-FR","@id":"https:\/\/ecole-musique-bayonnais.fr\/?page_id=26#primaryimage","url":"https:\/\/ecole-musique-bayonnais.fr\/wp-content\/uploads\/2025\/08\/IMG_20250322_102513-scaled.jpg","contentUrl":"https:\/\/ecole-musique-bayonnais.fr\/wp-content\/uploads\/2025\/08\/IMG_20250322_102513-scaled.jpg","width":2560,"height":1920},{"@type":"BreadcrumbList","@id":"https:\/\/ecole-musique-bayonnais.fr\/?page_id=26#breadcrumb","itemListElement":[{"@type":"ListItem","position":1,"name":"Home","item":"https:\/\/ecole-musique-bayonnais.fr\/"},{"@type":"ListItem","position":2,"name":"Contact"}]},{"@type":"WebSite","@id":"https:\/\/ecole-musique-bayonnais.fr\/#website","url":"https:\/\/ecole-musique-bayonnais.fr\/","name":"Ecole de Musique du Bayonnais","description":"... et la musique se partage","publisher":{"@id":"https:\/\/ecole-musique-bayonnais.fr\/#organization"},"potentialAction":[{"@type":"SearchAction","target":{"@type":"EntryPoint","urlTemplate":"https:\/\/ecole-musique-bayonnais.fr\/?s={search_term_string}"},"query-input":{"@type":"PropertyValueSpecification","valueRequired":true,"valueName":"search_term_string"}}],"inLanguage":"fr-FR"},{"@type":"Organization","@id":"https:\/\/ecole-musique-bayonnais.fr\/#organization","name":"Ecole de Musique du Bayonnais","url":"https:\/\/ecole-musique-bayonnais.fr\/","logo":{"@type":"ImageObject","inLanguage":"fr-FR","@id":"https:\/\/ecole-musique-bayonnais.fr\/#\/schema\/logo\/image\/","url":"https:\/\/ecole-musique-bayonnais.fr\/wp-content\/uploads\/2025\/07\/cropped-logo_EMB-1.png","contentUrl":"https:\/\/ecole-musique-bayonnais.fr\/wp-content\/uploads\/2025\/07\/cropped-logo_EMB-1.png","width":358,"height":283,"caption":"Ecole de Musique du Bayonnais"},"image":{"@id":"https:\/\/ecole-musique-bayonnais.fr\/#\/schema\/logo\/image\/"},"sameAs":["https:\/\/www.facebook.com\/EcoleDeMusiqueDuBayonnais"]}]}},"_links":{"self":[{"href":"https:\/\/ecole-musique-bayonnais.fr\/index.php?rest_route=\/wp\/v2\/pages\/26","targetHints":{"allow":["GET"]}}],"collection":[{"href":"https:\/\/ecole-musique-bayonnais.fr\/index.php?rest_route=\/wp\/v2\/pages"}],"about":[{"href":"https:\/\/ecole-musique-bayonnais.fr\/index.php?rest_route=\/wp\/v2\/types\/page"}],"author":[{"embeddable":true,"href":"https:\/\/ecole-musique-bayonnais.fr\/index.php?rest_route=\/wp\/v2\/users\/1"}],"replies":[{"embeddable":true,"href":"https:\/\/ecole-musique-bayonnais.fr\/index.php?rest_route=%2Fwp%2Fv2%2Fcomments&post=26"}],"version-history":[{"count":10,"href":"https:\/\/ecole-musique-bayonnais.fr\/index.php?rest_route=\/wp\/v2\/pages\/26\/revisions"}],"predecessor-version":[{"id":424,"href":"https:\/\/ecole-musique-bayonnais.fr\/index.php?rest_route=\/wp\/v2\/pages\/26\/revisions\/424"}],"wp:attachment":[{"href":"https:\/\/ecole-musique-bayonnais.fr\/index.php?rest_route=%2Fwp%2Fv2%2Fmedia&parent=26"}],"curies":[{"name":"wp","href":"https:\/\/api.w.org\/{rel}","templated":true}]}}